
What is the remainder when 18379 is divided by 7?
4
Calculate the remainder when 68337 is divided by 148.
109
Calculate the remainder when 489761 is divided by 2167.
19
Calculate the remainder when 4347 is divided by 24.
3
Calculate the remainder when 819 is divided by 6.
3
What is the remainder when 431246 is divided by 839?
0
What is the remainder when 4894 is divided by 140?
134
What is the remainder when 982693 is divided by 88?
85
Calculate the remainder when 139085 is divided by 521.
499
What is the remainder when 6748 is divided by 483?
469
What is the remainder when 14464 is divided by 21?
16
Calculate the remainder when 55243 is divided by 877.
869
Calculate the remainder when 19767 is divided by 1966.
107
What is the remainder when 20852 is divided by 289?
44
What is the remainder when 63634 is divided by 86?
80
What is the remainder when 143546 is divided by 3987?
14
What is the remainder when 8423 is divided by 115?
28
What is the remainder when 1076 is divided by 37?
3
Calculate the remainder when 26645 is divided by 2639.
255
Calculate the remainder when 3253 is divided by 646.
23
What is the remainder when 46142 is divided by 491?
479
What is the remainder when 75039 is divided by 25010?
9
What is the remainder when 25202 is divided by 615?
602
What is the remainder when 9139 is divided by 223?
219
What is the remainder when 8483 is divided by 41?
37
Calculate the remainder when 3037 is divided by 62.
61
What is the remainder when 8151 is divided by 2609?
324
What is the remainder when 307425 is divided by 9607?
1
Calculate the remainder when 32231 is divided by 59.
17
Calculate the remainder when 11745 is divided by 244.
33
Calculate the remainder when 1019 is divided by 973.
46
Calculate the remainder when 2099 is divided by 301.
293
Calculate the remainder when 161401 is divided by 803.
801
Calculate the remainder when 2385 is divided by 446.
155
Calculate the remainder when 23980 is divided by 192.
172
Calculate the remainder when 9016 is divided by 45.
16
What is the remainder when 62806 is divided by 20927?
25
What is the remainder when 2213705 is divided by 33?
32
Calculate the remainder when 82561 is divided by 927.
58
Calculate the remainder when 21081 is divided by 213.
207
Calculate the remainder when 955 is divided by 893.
62
What is the remainder when 1740 is divided by 14?
4
Calculate the remainder when 2773 is divided by 2384.
389
Calculate the remainder when 160925 is divided by 2063.
11
What is the remainder when 39174 is divided by 13?
5
What is the remainder when 12490 is divided by 4159?
13
What is the remainder when 167281 is divided by 55750?
31
What is the remainder when 7717 is divided by 1413?
652
What is the remainder when 410 is divided by 213?
197
Calculate the remainder when 23503 is divided by 21.
4
Calculate the remainder when 163117 is divided by 37.
21
What is the remainder when 61541 is divided by 905?
1
Calculate the remainder when 30552 is divided by 179.
122
What is the remainder when 9230 is divided by 702?
104
Calculate the remainder when 297784 is divided by 31.
29
Calculate the remainder when 2488 is divided by 814.
46
Calculate the remainder when 1446 is divided by 479.
9
Calculate the remainder when 3132 is divided by 71.
8
Calculate the remainder when 24535 is divided by 109.
10
What is the remainder when 749322 is divided by 51?
30
What is the remainder when 15355 is divided by 15310?
45
What is the remainder when 16902 is divided by 199?
186
Calculate the remainder when 95896 is divided by 41.
38
Calculate the remainder when 104199 is divided by 51.
6
Calculate the remainder when 4716 is divided by 751.
210
Calculate the remainder when 147265 is divided by 19.
15
What is the remainder when 716 is divided by 350?
16
What is the remainder when 8715 is divided by 47?
20
Calculate the remainder when 39835 is divided by 813.
811
What is the remainder when 424 is divided by 420?
4
Calculate the remainder when 3351 is divided by 281.
260
What is the remainder when 6503 is divided by 176?
167
What is the remainder when 847 is divided by 84?
7
Calculate the remainder when 1356 is divided by 53.
31
What is the remainder when 428971 is divided by 35747?
7
What is the remainder when 1679620 is divided by 1379?
1377
Calculate the remainder when 2503 is divided by 787.
142
What is the remainder when 36199 is divided by 18086?
27
What is the remainder when 2761 is divided by 2551?
210
What is the remainder when 2583 is divided by 2537?
46
Calculate the remainder when 585 is divided by 226.
133
What is the remainder when 32824 is divided by 325?
324
What is the remainder when 50067 is divided by 747?
18
Calculate the remainder when 70110 is divided by 34994.
122
What is the remainder when 123190 is divided by 58?
56
What is the remainder when 3988 is divided by 181?
6
What is the remainder when 1569 is divided by 389?
13
What is the remainder when 154271 is divided by 30?
11
What is the remainder when 3381502 is divided by 56?
54
What is the remainder when 97201 is divided by 10?
1
What is the remainder when 754492 is divided by 60?
52
What is the remainder when 412451 is divided by 590?
41
What is the remainder when 43242 is divided by 455?
17
What is the remainder when 2843 is divided by 9?
8
What is the remainder when 101644 is divided by 214?
208
What is the remainder when 7852 is divided by 1963?
0
What is the remainder when 12097 is divided by 471?
322
What is the remainder when 3314806 is divided by 18?
16
Calculate the remainder when 240756 is divided by 324.
24
What is the remainder when 1065 is divided by 124?
73
What is the remainder when 18260 is divided by 1219?
1194
Calculate the remainder when 6448 is divided by 1.
0
Calculate the remainder when 12280 is divided by 178.
176
Calculate the remainder when 32253 is divided by 216.
69
Calculate the remainder when 18520 is divided by 24.
16
Calculate the remainder when 1715488 is divided by 19.
16
Calculate the remainder when 27413 is divided by 200.
13
Calculate the remainder when 2914 is divided by 87.
43
What is the remainder when 734159 is divided by 24?
23
Calculate the remainder when 18631 is divided by 70.
11
Calculate the remainder when 275 is divided by 143.
132
What is the remainder when 24370 is divided by 51?
43
Calculate the remainder when 3870 is divided by 104.
22
Calculate the remainder when 6861 is divided by 17.
10
What is the remainder when 46741 is divided by 294?
289
What is the remainder when 12775 is divided by 1093?
752
Calculate the remainder when 516360 is divided by 773.
769
What is the remainder when 33683 is divided by 717?
701
What is the remainder when 2214912 is divided by 709?
705
Calculate the remainder when 45245 is divided by 161.
4
What is the remainder when 1451 is divided by 245?
226
Calculate the remainder when 26104 is divided by 112.
8
What is the remainder when 440 is divided by 52?
24
What is the remainder when 830537 is divided by 262?
259
What is the remainder when 7035 is divided by 68?
31
Calculate the remainder when 57153 is divided by 833.
509
What is the remainder when 110305 is divided by 36767?
4
Calculate the remainder when 13468 is divided by 13395.
73
Calculate the remainder when 702518 is divided by 9.
5
What is the remainder when 5403 is divided by 19?
7
What is the remainder when 658 is divided by 186?
100
Calculate the remainder when 45984 is divided by 232.
48
What is the remainder when 3559 is divided by 397?
383
What is the remainder when 74703 is divided by 14?
13
What is the remainder when 48144 is divided by 1457?
63
What is the remainder when 2841 is divided by 1223?
395
What is the remainder when 5842 is divided by 204?
130
What is the remainder when 89701 is divided by 1151?
1074
What is the remainder when 2656 is divided by 708?
532
What is the remainder when 8817 is divided by 2926?
39
Calculate the remainder when 69005 is divided by 22949.
158
What is the remainder when 7840 is divided by 61?
32
Calculate the remainder when 152346 is divided by 7617.
6
Calculate the remainder when 112132 is divided by 20.
12
What is the remainder when 481 is divided by 85?
56
Calculate the remainder when 235 is divided by 93.
49
What is the remainder when 7169 is divided by 104?
9